*w + 5*w + 2*t = 163, w + 5*t = 51. Let v(u) = -17*u + 84. Calculate the remainder when w is divided by v(4).
15
Suppose 32 = 2*x + 6. Suppose 0 = 4*n + 2*z - 44, -3*n - 4*z = -n - 34. What is the remainder when x is divided by n?
4
Let k(a) = a**2 + 23*a + 21. Let y be k(-12). What is the remainder when 2/4 + (-2)/(12/y) is divided by 5?
4
Let x = -27 + 53. Calculate the remainder when 103 is divided by x.
25
Suppose -u = -4, -7*u + 6*u = 2*a - 92. Calculate the remainder when 659 is divided by a.
43
Suppose -6*m + 8 = -4. Suppose m*z = -f - 2*f + 10, -5*z + 7 = 3*f. What is the remainder when f is divided by 1?
0
Let v = -264 - -349. Calculate the remainder when v is divided by 15.
10
Let m(z) = z**2 - 2. Suppose 70 = -4*i + 26. Let a = 16 + i. What is the remainder when a is divided by m(-2)?
1
Let i(r) = 2*r**2 + 7*r - 11. What is the remainder when 137 is divided by i(2)?
5
Let i(p) = -12*p**3 - 2*p**2 + 1. Suppose -4*s + 297 + 79 = 0. Let j = 113 - s. What is the remainder when j is divided by i(-1)?
8
Suppose -19 = 107*p - 108*p. What is the remainder when 528 is divided by p?
15
Let o(r) = 8*r + 2. Let j(u) = 2*u**2 + 3*u + 2. Let q be j(-2). Suppose q*w - 90 = -w. What is the remainder when o(4) is divided by w?
16
Let i(t) = -t**2 + 7*t + 6. Suppose -q - 6*s + 8*s = -35, -107 = -3*q + 5*s. What is the remainder when q is divided by i(6)?
3
Suppose -9*p = -14*p. Suppose -2*r - 114 = -5*c, -3*r = 5*c - p*r - 104. What is the remainder when 85 is divided by c?
19
Let q be (-2 + -2 + 2)/(11 + -10). Calculate the remainder when -183*q/3 - (-2 - -2) is divided by 31.
29
Suppose 21*x + 19*x = 240. Calculate the remainder when 435 is divided by x.
3
Let n(u) = u**2 + 8*u + 14. Calculate the remainder when 9 is divided by n(-7).
2
Suppose 4*x + 18 = -2*t, -4*t - 5*x = 13 + 11. Let m = t - 3. What is the remainder when ((-36)/(-7))/(m/(-42)) is divided by 14?
12
Suppose -92 + 11 = 3*x. What is the remainder when 34 is divided by 6/x - (-191)/9?
13
Let n(a) = -a**3 + 8*a**2 + 2*a - 3. Let q be n(7). Let p = q + -35. What is the remainder when 124 is divided by p?
24
Let p be -1*((-1)/3 + (-16)/24). Let y = p + 4. What is the remainder when ((-15)/(-2))/(3/4) is divided by y?
0
Let a be (-6)/8 - 54/(-72). Suppose a = -n - 3*n + 24. Calculate the remainder when 22 is divided by n.
4
Let y = -175 - -178. Calculate the remainder when 26 is divided by y.
2
Let z(t) = -t**3 - 5*t**2 - t + 1. Let j be z(-5). Suppose -j*y + 21 = -3*y. Let r = 84 + -79. Calculate the remainder when y is divided by r.
2
Suppose 15*k + 25 = 70. Suppose 0 = -3*p - u + 39, p - 4*u + k*u = 17. What is the remainder when 50 is divided by p?
8
Suppose -7*x + 256 + 73 = 0. What is the remainder when 130 is divided by x?
36
Let t be (-46)/10 - 16/40. Suppose -4*b = -6*b - 4. Calculate the remainder when 9 + b/5*t is divided by 4.
3
Let t(g) = -g - 6. Let d be t(-9). Suppose j + d*r = r + 17, -j + 20 = -r. Let l = 51 - 14. Calculate the remainder when l is divided by j.
18
Suppose 4*x - 4*w = 884, 0 = -2*x - 0*w - 3*w + 462. Suppose 230*h = x*h + 475. Let d = -50 + 74. What is the remainder when h is divided by d?
23
Suppose 2*v + 3 = -11. What is the remainder when 41 is divided by v*2*6/(-4)?
20
Suppose -2*w + 3*r + 63 = 16, 4*r + 48 = 2*w. Calculate the remainder when w is divided by 19.
3
Let d = -102 - -171. Let i = 136 - d. What is the remainder when i is divided by 17?
16
Suppose -4*m + 50 - 10 = 0. Suppose 0*i = 2*i - 5*p - 75, 2*i - 4*p - 70 = 0. Calculate the remainder when i is divided by m.
5
Calculate the remainder when 191 is divided by 4864/(-114)*(-6)/4.
63
Let b(s) = 4*s**2 + 12*s + 5. What is the remainder when b(4) is divided by 31?
24
Let d = -925 + 953. Let o = 1 - -1. What is the remainder when o/4*164/1 is divided by d?
26
Let g(u) = 2*u**2 - 3*u + 17. Let s be g(-8). Suppose 5*v + s = 584. Calculate the remainder when v is divided by 28.
27
Let f = 24 - 40. Calculate the remainder when 32/6*81/6 is divided by (-5 - 72/f) + 78/4.
15
What is the remainder when (-12)/(-78)*-1 + (-25767)/(-91) is divided by 75?
58
Calculate the remainder when 128 is divided by (-8642)/(-203) - (-6)/14.
42
Let d be 48/(-30)*(-5)/2. Suppose 2*o = -0*o + 5*i + 27, d*o + 3*i = 15. Suppose 2*g - 68 = -2*g. What is the remainder when g is divided by o?
5
Suppose -4*a = -4*c - 20, -2*c + 25 = 5*a - 4*c. Suppose -4*q - 3*x - 3 = 18, -4*x - 12 = 0. Let j = q - -7. What is the remainder when a is divided by j?
1
Suppose 2*b - 4*v = -13 + 37, 2*b = -2*v + 42. What is the remainder when b is divided by 10?
8
Suppose 341 = 5*a + 91. What is the remainder when 298 is divided by a?
48
Let a = 792 + -784. What is the remainder when 166 is divided by a?
6
Suppose 7*x - 234 = -10. What is the remainder when 74 is divided by x?
10
Let u(i) = -36*i + 581. Calculate the remainder when 81 is divided by u(15).
40
Suppose -68 = -5*n + 42. Let b(j) = j**3 + 8*j**2 - j + 5. Calculate the remainder when b(-5) is divided by n.
19
Let u(j) = -16*j**3 + j**2 - 25*j - 3. Calculate the remainder when u(-3) is divided by 43.
40
What is the remainder when 78 is divided by 15/(-10)*16/(-6) - -12?
14
Let i be (-14)/8*(-40 - -12). Let f = -69 + i. Let d = f - -26. Calculate the remainder when d is divided by 2.
0
Suppose 0*n - 5 = -5*i + 3*n, -2*n = -10. Suppose i*o - 6*o = -8. What is the remainder when 4 is divided by (-1)/(3 + o/(-1))?
0
What is the remainder when 300 is divided by (289/34)/(-4*1/(-8))?
11
Let h = -210 - -457. What is the remainder when h is divided by 31?
30
Let z = 48 + 16. What is the remainder when 255 is divided by z?
63
Calculate the remainder when 141 is divided by (-5)/5*-5 - -32.
30
Suppose -5*z = 3*n - 35, 4 = z + n - 5. Suppose 2*y + z*m + 61 = 3*m, -4*m = -2*y - 36. What is the remainder when (-456)/y + (-2)/7 is divided by 6?
4
Let g = 18 + -4. Suppose 42 = 4*q - 94. Suppose -29*r + q*r - 270 = 0. Calculate the remainder when r is divided by g.
12
Let i(c) = -c**2 - 3*c + 141. Calculate the remainder when i(0) is divided by 54.
33
Let r = -267 + 275. Let j(y) = y**3 + 3*y**2 - 1. Let x be j(-4). Let n = x - -40. What is the remainder when n is divided by r?
7
Let j(k) = k**3 - 6*k**2 - 15*k - 5. Calculate the remainder when ((-9)/(-4) + -2)/1*28 is divided by j(8).
1
Let s be (-27)/9*11/(-3). Suppose -3*v + 2*v + 5*k = 2, -s = -3*v - 2*k. Suppose -4*r = -v*r - 14. What is the remainder when 26 is divided by r?
12
Let p(h) = h + 5. Let b be p(-7). Calculate the remainder when 60 is divided by b*(-9 - 2)*(3 + -2).
16
Let w = 16 - 9. Suppose 3*t - 74 = w. Suppose -1 - 2 = -g - 2*m, g - t = 4*m. Calculate the remainder when g is divided by 4.
3
Let o = -785 + 824. Calculate the remainder when 102 is divided by o.
24
Let p = -360 - -614. Suppose 5*i = -3*r + 349, 3*i + 44 = -2*r + p. What is the remainder when i is divided by 18?
14
Let j(r) = -2*r - 21. Calculate the remainder when j(-22) is divided by 11.
1
Suppose 0 = -6*h - 3 + 39. Let o = 50 - 9. What is the remainder when o is divided by h?
5
Suppose -12 = -r + 1. Suppose 0 = -0*d - 5*d + 380. Suppose v + r = d. Calculate the remainder when v is divided by 13.
11
Suppose 3*g + 106 = 4*z, 0*g = 2*z + 4*g - 64. Calculate the remainder when 28 is divided by z.
0
Let u(w) = 2*w**2 - 20*w + 29. Let t = -19 - -46. Calculate the remainder when u(13) is divided by t.
26
Suppose 99 = 5*t + 5*v - 56, -4*v = 8. Calculate the remainder when t is divided by 20.
13
What is the remainder when -14*15*20/(-210) is divided by 5?
0
Let g = 135 + -55. Suppose 3*o = -2*o - 4*c + 83, -5*o - 5*c = -g. Let h(s) = s**2 - s + 10. What is the remainder when o is divided by h(0)?
9
Let c(d) = d - 1. Suppose -3*w = -2 - 13. Let m be c(w). Suppose 0 = -m*r + 5*r - 19. Calculate the remainder when r is divided by 7.
5
Suppose 0 = -7*b + 4*b - 5*v + 22, 0 = -3*v - 3. What is the remainder when 52 is divided by 31 - 8*(b/6 + -1)?
25
Calculate the remainder when 20 + (-91)/13 - -280 is divided by 5.
3
Suppose -4*j - 128 = -6*j. Suppose -2296 = -9*w - 2143. What is the remainder when j is divided by w?
13
Let r be 10*((-4)/6)/(2/3). Calculate the remainder when (-1 - r/(-5)) + 19 is divided by 6.
4
Let r(h) = -h**3 + 8*h**2 - 8*h - 6. Let x be r(6). Suppose 0